5
What is the remainder when 180662 is divided by 90135?
392
What is the remainder when 26352273 is divided by 5270444?
53
Calculate the remainder when 14202 is divided by 10997.
3205
What is the remainder when 4288158 is divided by 63061?
10
Calculate the remainder when 724599 is divided by 362289.
21
What is the remainder when 78389 is divided by 4857?
677
What is the remainder when 32675 is divided by 31934?
741
Calculate the remainder when 24590839 is divided by 1891602.
13
Calculate the remainder when 10571056 is divided by 40346.
404
Calculate the remainder when 12846639 is divided by 241.
134
Calculate the remainder when 42098 is divided by 39119.
2979
Calculate the remainder when 116209 is divided by 3606.
817
Calculate the remainder when 267766 is divided by 2031.
1705
What is the remainder when 451482 is divided by 150488?
18
What is the remainder when 132137 is divided by 18837?
278
What is the remainder when 3201291 is divided by 142?
43
Calculate the remainder when 253718164 is divided by 221.
219
Calculate the remainder when 171652757 is divided by 85826368.
21
Calculate the remainder when 10454 is divided by 8958.
1496
What is the remainder when 1853332 is divided by 874?
452
What is the remainder when 7066551 is divided by 53?
8
What is the remainder when 270734 is divided by 9877?
4055
What is the remainder when 80927 is divided by 26781?
584
What is the remainder when 991259 is divided by 330403?
50
Calculate the remainder when 402842 is divided by 36575.
517
Calculate the remainder when 2606608 is divided by 2407.
2234
What is the remainder when 139160 is divided by 15459?
29
Calculate the remainder when 60924514 is divided by 6491.
6479
Calculate the remainder when 25977 is divided by 1053.
705
Calculate the remainder when 144434413 is divided by 14.
11
What is the remainder when 107882539 is divided by 528?
523
What is the remainder when 18164260 is divided by 1007?
1001
What is the remainder when 1722749 is divided by 90669?
38
Calculate the remainder when 8962359 is divided by 93356.
183
What is the remainder when 37359 is divided by 12426?
81
What is the remainder when 17150836 is divided by 1559166?
10
What is the remainder when 52411100 is divided by 21?
14
What is the remainder when 48516393 is divided by 155?
153
What is the remainder when 22182 is divided by 2604?
1350
What is the remainder when 563615667 is divided by 7492?
7491
What is the remainder when 155668878 is divided by 3536?
14
What is the remainder when 6136885 is divided by 46491?
73
What is the remainder when 97240 is divided by 92?
88
Calculate the remainder when 235068 is divided by 58756.
44
What is the remainder when 1987 is divided by 259?
174
What is the remainder when 11765239 is divided by 47?
11
What is the remainder when 169958 is divided by 18824?
542
What is the remainder when 394218 is divided by 247?
6
Calculate the remainder when 127349542 is divided by 14.
12
What is the remainder when 1630899 is divided by 228?
15
What is the remainder when 38870999 is divided by 9255?
9254
What is the remainder when 34789790 is divided by 31?
9
Calculate the remainder when 7964535 is divided by 1137789.
12
What is the remainder when 509144 is divided by 551?
20
Calculate the remainder when 303768 is divided by 101250.
18
What is the remainder when 96309 is divided by 92385?
3924
What is the remainder when 1018536 is divided by 3213?
15
What is the remainder when 4612428 is divided by 96?
12
What is the remainder when 2723407 is divided by 340399?
215
Calculate the remainder when 1129894 is divided by 16139.
164
What is the remainder when 105158 is divided by 96644?
8514
Calculate the remainder when 34792 is divided by 192.
40
What is the remainder when 891607 is divided by 230?
127
What is the remainder when 11159986 is divided by 1240?
1226
Calculate the remainder when 2165636 is divided by 998.
974
What is the remainder when 6120 is divided by 2401?
1318
What is the remainder when 11950 is divided by 112?
78
Calculate the remainder when 10058 is divided by 9669.
389
What is the remainder when 173976 is divided by 524?
8
Calculate the remainder when 23659274 is divided by 11829635.
4
What is the remainder when 5326520 is divided by 828?
824
What is the remainder when 181947830 is divided by 4642?
4640
Calculate the remainder when 792651 is divided by 212.
195
What is the remainder when 1024060 is divided by 5306?
2
Calculate the remainder when 123815 is divided by 693.
461
What is the remainder when 696474 is divided by 193?
130
What is the remainder when 10117070 is divided by 40?
30
What is the remainder when 361754146 is divided by 839?
838
What is the remainder when 15370 is divided by 6658?
2054
Calculate the remainder when 81271 is divided by 81179.
92
Calculate the remainder when 1531480 is divided by 665.
650
What is the remainder when 127053909 is divided by 19?
16
What is the remainder when 5319194 is divided by 41234?
8
Calculate the remainder when 16478404 is divided by 7.
5
What is the remainder when 296087 is divided by 11365?
597
What is the remainder when 55138 is divided by 27019?
1100
What is the remainder when 49111156 is divided by 3?
1
What is the remainder when 340949 is divided by 28405?
89
Calculate the remainder when 1130165 is divided by 15271.
111
Calculate the remainder when 25781701 is divided by 12890821.
59
What is the remainder when 19573117 is divided by 128?
125
Calculate the remainder when 96024572 is divided by 3185.
7
Calculate the remainder when 33856646 is divided by 450.
446
Calculate the remainder when 3582798 is divided by 1791390.
18
What is the remainder when 1834931 is divided by 907?
70
What is the remainder when 156882 is divided by 252?
138
What is the remainder when 8914331 is divided by 592?
587
Calculate the remainder when 248294679 is divided by 91.
87
Calculate the remainder when 74847 is divided by 10667.
178
Calculate the remainder when 1229003 is divided by 1185.
158
What is the remainder when 329918 is divided by 149?
32
What is the remainder when 31215550 is divided by 335651?
7
Calculate the remainder when 84989 is divided by 1152.
893
What is the remainder when 201361 is divided by 271?
8
Calculate the remainder when 519704 is divided by 171192.
6128
What is the remainder when 237243 is divided by 11829?
663
Calculate the remainder when 4484401 is divided by 2242192.
17
What is the remainder when 2603298 is divided by 1620?
1578
What is the remainder when 976 is divided by 305?
61
Calculate the remainder when 110900 is divided by 3861.
2792
What is the remainder when 183352 is divided by 270?
22
Calculate the remainder when 820584 is divided by 23445.
9
Calculate the remainder when 5734135 is divided by 11537.
246
Calculate the remainder when 96243 is divided by 1566.
717
Calculate the remainder when 762463 is divided by 21179.
19
What is the remainder when 9499948 is divided by 118?
4
Calculate the remainder when 112729 is divided by 2661.
967
Calculate the remainder when 167663 is divided by 2990.
223
Calculate the remainder when 3143522 is divided by 10953.
11
Calculate the remainder when 20851447 is divided by 123.
118
What is the remainder when 4808015 is divided by 343424?
79
What is the remainder when 73079506 is divided by 252?
10
Calculate the remainder when 3176872 is divided by 1566.
1024
What is the remainder when 6365460 is divided by 578677?
13
What is the remainder when 53177294 is divided by 68?
2
What is the remainder when 407507165 is divided by 22?
21
Calculate the remainder when 4704921 is divided by 5628.
5541
What is the remainder when 95397574 is divided by 3229?
3227
Calculate the remainder when 58951358 is divided by 1183.
102
What is the remainder when 10859875 is divided by 4411?
4404
What is the remainder when 109068 is divided by 108965?
103
Calculate the remainder when 69712 is divided by 52.
32
Calculate the remainder when 20732 is divided by 1254.
668
What is the remainder when 38341123 is divided by 4?
3
Calculate the remainder when 236638 is divided by 55866.
13174
Calculate the remainder when 5505484 is divided by 6050.
6034
What is the remainder when 209331 is divided by 41837?
146
What is the remainder when 2803253 is divided by 52?
37
Calculate the